) composite?
True
Is (-730513)/(-28) + 6/(-8) prime?
False
Let a = -2842 - -4051. Suppose 0*f = -3*f + a. Suppose -5*o - 5*z + 1252 + f = 0, 4*o + z - 1318 = 0. Is o prime?
False
Is 1*643*-6*82/(-12) a composite number?
True
Let o = 3158 - 601. Is o a composite number?
False
Suppose 0*r - 30072 = -3*o - 3*r, 2*o - r - 20039 = 0. Is o composite?
True
Suppose 0 = 3*c + l - 18339, -3*c - 20*l = -16*l - 18339. Is c prime?
True
Suppose -166 = -3*i + 263. Suppose 0 = -3*y - 2*x + 770, -4*x + i + 1143 = 5*y. Suppose -n = n - y. Is n composite?
False
Let j(g) = -g**2 - 8*g + 7. Let m be j(-9). Let r(h) = -20*h - 5. Is r(m) prime?
False
Suppose -4*o = -215 - 49. Let p be ((1 - 4) + 2)*-2. Suppose p*k = 5*k - o. Is k prime?
False
Suppose 0 = 4*s - 2 - 6. Suppose 5*j = 4*w - 584, -j = -s*w - 0*j + 286. Is w composite?
True
Is 69594/70*15/9 a prime number?
True
Suppose 4*i = i. Suppose -3*t = -4*g + 19, i = -g - 3*t - 1 + 2. Suppose 0 = 3*f - 2*s - 2231, g*f + 3*s - 2970 = 8*s. Is f a prime number?
False
Suppose -b = -16*b + 32235. Is b composite?
True
Suppose 0 = -4*v + s + 103785, -5*s + 21396 = 2*v - 30469. Is v prime?
False
Suppose 0*h - 3*a + 82 = -2*h, 2*a - 118 = 3*h. Let y be h/(-14) - (-6)/21. Suppose 5*k - y*w + 0*w = 433, 0 = 5*k - w - 441. Is k a prime number?
True
Suppose -3*x - 175 = 80. Is (-4050)/(-34) + 10/x composite?
True
Let b(i) = -6*i**2 - 3*i + 2. Let u(x) be the second derivative of -5*x**4/2 - 8*x**3/3 + 11*x**2/2 - 3*x. Let k(a) = -11*b(a) + 2*u(a). Is k(2) a prime number?
False
Let b(r) be the second derivative of r**4 + 9*r**3/2 + 8*r**2 - 31*r. Is b(11) a prime number?
False
Suppose -1911 = -h + 1373. Suppose c + 2 = 0, 5*j = 5*c + h + 3721. Is j prime?
True
Suppose 0 = 4*f + 66 - 190. Let s = f + 49. Let w = 149 - s. Is w composite?
True
Let t be (1/(-2))/((-6)/(-12)). Is (t - (-10)/8)*388 a prime number?
True
Suppose 4 = -2*w + w. Let z be (2 - (0 - w))*-3. Suppose -5*s = -3*f - 946, -2*s + z*f - 2*f = -370. Is s a prime number?
True
Let c(b) = 8*b**2 + 2*b - 5. Suppose 0 = 5*f + 33 - 108. Let d = 10 - f. Is c(d) a composite number?
True
Let o(n) = 5*n**2 - 10. Let u(s) = s**2 + s. Let h(y) = o(y) - 4*u(y). Let f be h(7). Let i(p) = 2*p**2 - 11*p + 6. Is i(f) composite?
False
Let p be (-3)/(0 - (-3)/(-8)) + -2. Suppose 20 = p*z - 238. Is z prime?
True
Let p(t) = -t**3 + t + 1. Let u be p(1). Is u - -286*(2 - 1) a prime number?
False
Let q = 543 + 6260. Is q prime?
True
Is 7*((-10156)/6)/((-40)/60) a composite number?
True
Let u = 37 - 25. Let y be (14/4)/(6/u). Let l(x) = 8*x + 23. Is l(y) composite?
False
Let c be 1335/10*(22 - -2). Suppose a + c = 3*a. Suppose a = -7*d + 5249. Is d a composite number?
False
Is ((-1)/(-2))/((-112)/(-964768)) a composite number?
True
Let w be 4 + 7/((-28)/16). Suppose 3*a - 397 - 86 = w. Is a prime?
False
Suppose 2*b + 15 = 5*b. Suppose b*k - 682 = 2*g, -g - 4*g = -4*k + 532. Let d = -87 + k. Is d composite?
True
Suppose 21*d = 18*d + 2442. Let b = 437 + -66. Let h = d - b. Is h prime?
True
Suppose -14*h - 1866 = -17*h. Suppose 5*w + h = -4*t + 1673, -3*t = 3*w - 630. Is w a prime number?
True
Suppose -254*l + 23014 = -252*l. Is l composite?
True
Is -8*2/(-4) + 0 - -1251 composite?
True
Suppose -6*a + c + 15020 = 0, 2*c = -a - 0*c + 2499. Is a a prime number?
True
Let c be 4/(-6) - (-175)/15. Let w(z) = z**3 - 6*z**2 - 13*z + 9. Is w(c) composite?
True
Let c(w) = -2444*w**3 - w**2 + 2*w + 3. Is c(-2) composite?
True
Let n(s) = s**3 + 4*s**2 + 4*s - 3. Let a be n(-8). Suppose 3*y = -o - o - 995, 508 = -o + 2*y. Let w = a - o. Is w a composite number?
False
Suppose -4*i = -2*g - 6*i + 8936, -2*i = 6. Is g composite?
True
Let u = 488 + -1064. Let l = -277 - u. Is l a composite number?
True
Let x = 16673 + -4434. Is x a prime number?
True
Let p = -19368 - -31841. Is p a composite number?
False
Let v(n) = n**2 + 4*n + 4. Let h(d) = -d**2 - 5*d - 4. Let q(r) = 5*h(r) + 4*v(r). Let o be q(-8). Is ((-11)/2)/((-2)/o) a prime number?
True
Let w(u) be the third derivative of -79*u**4/6 + 29*u**3/6 + u**2. Is w(-4) prime?
False
Suppose -3*z + 7 = -2. Suppose 161 = z*s + 2*s + 3*w, w - 95 = -3*s. Is s a composite number?
False
Suppose i = -0*i + 4*o + 206, 5*o = -4*i + 824. Suppose 0 = -27*r + 26*r + i. Is r a prime number?
False
Is 1590 + (-5)/(5/(-7)) prime?
True
Let w(x) = x**3 - 10*x**2 + 11*x - 13. Let f be 56/6 - 1/3. Let n be w(f). Suppose -n*s - 3*g + 1660 = 0, 3*s + g - 1321 = -s. Is s prime?
False
Let r be 1/(12/(-15) - -1). Suppose -3*c - 5*b = 25, 0*c - c - 5*b = r. Is 5/(c/(-604)) - -1 a prime number?
False
Let x = -11682 - -6546. Is 3*-1 + (-1)/(6/x) a prime number?
True
Let i(n) = 7*n**2 - n - 2. Let d be i(1). Let m(w) = 3*w**3 - 2 + 3*w**2 + 1 + 2*w**2 - 2*w. Is m(d) composite?
False
Suppose -8*d - 322 = -3914. Is d composite?
False
Let h = -240 + 384. Suppose r = -130 - h. Let s = r + 465. Is s a prime number?
True
Let i(c) = 26 - 57 + 0 + 92*c. Is i(10) prime?
False
Suppose 4940 = 3*q - 9871. Is q prime?
True
Let m = 3 + -1. Suppose 897 = m*u + u. Is u prime?
False
Let w(d) = -111*d**3 - d**2 + 4*d - 15. Is w(-4) a composite number?
False
Suppose 0 = 5*r - 3*s - 17, 0 = -5*r - 2*s - 2*s + 24. Let x(f) = 4*f**3 - 4*f**2 - 4*f + 2. Let i be x(r). Suppose i = 5*j - 4*j. Is j a composite number?
True
Suppose -3 = -3*f - j + 3*j, 3*f = 3*j. Suppose -3*r = f*m + 18, -2*r = 3*r + 2*m + 18. Is 103*4/(-8)*r prime?
True
Let f = -5072 - -8349. Is f a prime number?
False
Suppose 5*v + 20 = 0, 2*a + 10 = 4*v + 34. Suppose -i - a*i + 339 = 2*n, -2*n + 5*i = -389. Suppose -q = q - n. Is q a composite number?
True
Let b be (-11)/(-22) + (-2)/4 + 2. Let j = 238 + -5. Suppose -o = -b*o + j. Is o a composite number?
False
Suppose 18*t - 183025 = -5*z + 20*t, 0 = -2*t. Is z prime?
False
Let a(c) = 224*c + 20. Let q(g) = 448*g + 39. Let l(n) = -5*a(n) + 3*q(n). Is l(6) composite?
False
Suppose 0*z - 3*z + 4*t = -31215, -4*t = 0. Is z a composite number?
True
Let f = -108 + 212. Suppose 2*n - f = 1386. Suppose -p + 6*p = n. Is p a prime number?
True
Let x(q) = q + 169. Let g be x(0). Suppose 2*d - 6 = -d. Suppose -5*l = -s - 2*s + g, 4*s = -d*l + 208. Is s a prime number?
True
Suppose -120 = -7*l - 5*l. Suppose 21*r - 13211 = l*r. Is r a composite number?
False
Suppose -5 = 94*k - 99*k. Is (102 - 101) + (914 - (k - 0)) a prime number?
False
Let m = 12409 + -7092. Is m a prime number?
False
Is (-2)/(-9) - (-9)/((-243)/(-1620345)) a prime number?
True
Let o(p) = 34*p**2 - 4*p + 5. Let g be o(4). Let c = -530 + 810. Let y = g - c. Is y a prime number?
False
Suppose 3163 = j + 5*l, 3*j + 29*l - 9489 = 32*l. Is j composite?
False
Let d = -107 - 58. Let i = -146 - d. Is i prime?
True
Let j be (-4)/(-11)*385/14. Let u = -23 + -2. Is (2076/j)/((-10)/u) a composite number?
True
Let o = 62174 + -42888. Is o a prime number?
False
Let r = -1 - -10. Let y = r + -2. Is y prime?
True
Let h(u) = 12*u**2 - 9*u - 16. Let c(v) = v**2 - 1. Let y(g) = -4*c(g) + h(g). Is y(-5) prime?
True
Let v = 41346 + -29265. Is v prime?
False
Suppose -2*s + 5 + 73 = 0. Is s prime?
False
Suppose 18176 = a - 2*i, 5*i - 7 = 8. Is a a prime number?
False
Suppose 369399 = 13*z + 121996. Is z a prime number?
True
Let r = -35254 - -53312. Is r a prime number?
False
Suppose 322 = 5*c - 223. Suppose -5*b = c - 5544. Is b a composite number?
False
Suppose 13592 = -5*c + 9*c. Let o = c - 1852. Is o a composite number?
True
Suppose -11*w - 2182 = -24677. Suppose -2*v + w = 3*v. Is v a composite number?
False
Suppose 15*b - 11*b - 26692 = 0. Is b prime?
True
Is 1/((-1)/(-1227)*3) composite?
False
Suppose -4*i = y + 4017, 0*i + 4003 = -y + 3*i. Let r = -2166 - y. Is r a composite number?
True
Suppose 3*s + 5*i - 31587 = 0, 3*s = 3*i + 48674 - 17087. Is s composite?
False
Let r = -9 - -2. Let g = 2 + r. Is 0 + -1 - (g - 81) a composite number?
True
Suppose -22*x = x - 1143629. Is x prime?
False
Let w(z) = 71*z**2 + 7*z + 5. Is w(-6) prime?
False
Let p = 10778 + -6465. Is p composite?
True
Suppose 2*d = 5*p - 3*d + 26565, 5*d = -5. Is (p/6)/(((-8)/3)/8) composite?
False
Is (-3 - -2)/((-10)/12130) composite?
False
Suppose 0 - 3 = -m. Let c(l) = 55*l**2 + 23*l + 5. Let x be c(-5). Suppose m*g + x = 8*g. Is g prime?
False
Suppose 3*s - 21*h + 16*h = 20321